2?
9
What is the tens digit of 3925?
2
What is the units digit of 746?
6
What is the tens digit of 3750?
5
What is the thousands digit of 15905?
5
What is the tens digit of 2453?
5
What is the thousands digit of 111670?
1
What is the thousands digit of 32664?
2
What is the hundreds digit of 1471?
4
What is the hundreds digit of 14370?
3
What is the thousands digit of 35112?
5
What is the hundreds digit of 775?
7
What is the units digit of 541?
1
What is the units digit of 11946?
6
What is the hundreds digit of 23533?
5
What is the units digit of 2735?
5
What is the units digit of 488?
8
What is the units digit of 15295?
5
What is the units digit of 210?
0
What is the tens digit of 107387?
8
What is the thousands digit of 1635?
1
What is the hundreds digit of 203?
2
What is the hundreds digit of 684?
6
What is the tens digit of 7452?
5
What is the thousands digit of 1345?
1
What is the hundreds digit of 4352?
3
What is the hundreds digit of 30597?
5
What is the hundreds digit of 1315?
3
What is the tens digit of 6525?
2
What is the units digit of 506?
6
What is the units digit of 8102?
2
What is the units digit of 12336?
6
What is the ten thousands digit of 19423?
1
What is the hundreds digit of 1368?
3
What is the hundreds digit of 25854?
8
What is the tens digit of 7949?
4
What is the ten thousands digit of 35808?
3
What is the tens digit of 8412?
1
What is the units digit of 1030?
0
What is the tens digit of 130?
3
What is the units digit of 2917?
7
What is the tens digit of 5301?
0
What is the units digit of 2916?
6
What is the ten thousands digit of 53615?
5
What is the thousands digit of 8703?
8
What is the tens digit of 1354?
5
What is the tens digit of 5154?
5
What is the thousands digit of 1809?
1
What is the thousands digit of 72019?
2
What is the units digit of 707?
7
What is the units digit of 297?
7
What is the hundreds digit of 822?
8
What is the hundreds digit of 2906?
9
What is the thousands digit of 2797?
2
What is the units digit of 253?
3
What is the hundred thousands digit of 116462?
1
What is the tens digit of 350?
5
What is the thousands digit of 4874?
4
What is the thousands digit of 10749?
0
What is the tens digit of 4073?
7
What is the hundreds digit of 1061?
0
What is the tens digit of 960?
6
What is the hundreds digit of 23869?
8
What is the units digit of 2908?
8
What is the units digit of 3986?
6
What is the thousands digit of 106462?
6
What is the ten thousands digit of 176811?
7
What is the hundreds digit of 135?
1
What is the hundreds digit of 2591?
5
What is the units digit of 14255?
5
What is the tens digit of 69?
6
What is the units digit of 220?
0
What is the thousands digit of 3987?
3
What is the units digit of 221?
1
What is the units digit of 744?
4
What is the thousands digit of 33722?
3
What is the tens digit of 458?
5
What is the units digit of 2587?
7
What is the tens digit of 1450?
5
What is the tens digit of 1941?
4
What is the hundreds digit of 38907?
9
What is the thousands digit of 97812?
7
What is the tens digit of 321?
2
What is the hundreds digit of 6043?
0
What is the thousands digit of 2879?
2
What is the tens digit of 1065?
6
What is the hundreds digit of 108027?
0
What is the tens digit of 14547?
4
What is the tens digit of 22907?
0
What is the units digit of 579?
9
What is the tens digit of 4245?
4
What is the tens digit of 67757?
5
What is the tens digit of 3239?
3
What is the units digit of 55?
5
What is the ten thousands digit of 49095?
4
What is the tens digit of 102935?
3
What is the units digit of 89150?
0
What is the tens digit of 3176?
7
What is the tens digit of 22094?
9
What is the units digit of 34063?
3
What is the units digit of 2874?
4
What is the units digit of 1188?
8
What is the thousands digit of 103970?
3
What is the units digit of 9140?
0
What is the units digit of 5841?
1
What is the tens digit of 1344?
4
What is the hundreds digit of 918?
9
What is the units digit of 1369?
9
What is the thousands digit of 5599?
5
What is the units digit of 3393?
3
What is the units digit of 434?
4
What is the ten thousands digit of 20383?
2
What is the tens digit of 10565?
6
What is the hundreds digit of 53059?
0
What is the hundreds digit of 1216?
2
What is the units digit of 29170?
0
What is the hundreds digit of 12964?
9
What is the hundreds digit of 36296?
2
What is the thousands digit of 126739?
6
What is the thousands digit of 2270?
2
What is the units digit of 57354?
4
What is the thousands digit of 3422?
3
What is the units digit of 10308?
8
What is the units digit of 39695?
5
What is the units digit of 470?
0
What is the hundreds digit of 745?
7
What is the tens digit of 7888?
8
What is the tens digit of 4006?
0
What is the units digit of 350?
0
What is the hundreds digit of 26384?
3
What is the units digit of 1733?
3
What is the hundreds digit of 92021?
0
What is the ten thousands digit of 53104?
5
What is the units digit of 1623?
3
What is the hundreds digit of 9332?
3
What is the tens digit of 12966?
6
What is the tens digit of 834?
3
What is the hundreds digit of 970?
9
What is the hundreds digit of 15903?
9
What is the units digit of 2395?
5
What is the thousands digit of 23135?
3
What is the units digit of 9804?
4
What is the tens digit of 58496?
9
What is the thousands digit of 5573?
5
What is the ten thousands digit of 12993?
1
What is the ten thousands digit of 68168?
6
What is the tens digit of 29174?
7
What is the units digit of 39307?
7
What is the thousands digit of 6407?
6
What is the thousands digit of 2720?
2
What is the hundreds digit of 120181?
1
What is the hundreds digit of 10337?
3
What is the hundreds digit of 939?
9
What is the hundreds digit of 892?
8
What is the hundreds digit of 12907?
9
What is the hundreds digit of 8464?
4
What is the hundreds digit of 605?
6
What is the hundreds digit of 12347?
3
What is the units digit of 1112?
2
What is the hundreds digit of 70594?
5
What is the tens digit of 217?
1
What is the hundreds digit of 7194?
1
What is the units digit of 729?
9
What is the thousands digit of 5092?
5
What is the tens digit of 14779?
7
What is the thousands digit of 68217?
8
What is the hundreds digit of 11007?
0
What is the units digit of 4750?
0
What is the thousands digit of 22290?
2
What is the hundreds digit of 798?
7
What is the hundreds digit of 913?
9
What is the thousands digit of 19127?
9
What is the tens digit of 5896?
9
What is the hundreds digit of 1710?
7
What is the hundreds digit of 793?
7
What is the tens digit of 535?
3
What is the hundreds digit of 50001?
0
What is the tens digit of 2000?
0
What is the units digit of 313?
3
What is the thousands digit of 19518?
9
What is the ten thousands digit of 26425?
2
What is the units digit of 4474?
4
What is the units digit of 69944?
4
What is the ten thousands digit of 11427?
1
What is the tens digit of 2485?
8
What is the tens digit of 1625?
2
What is the thousands digit of 2280?
2
What is the units digit of 179?
9
What is the thousands digit of 1963?
1
What is the hundreds digit of 50247?
2
What is the hundred thousands digit of 151283?
1
What is the hundreds digit of 24269?
2
What is the hundreds digit of 1929?
9
What is the hundreds digit of 1364?
3
What is the thousands digit of 57770?
7
What is the units digit of 3591?
1
What is the units digit of 567?
7
What is the thousands digit of 64609?
4
What is the thousands digit of 53949?
3
What is the units digit of 7232?
2
What is the tens digit of 15303?
0
What is the thousands digit of 2037?
2
What is the hundreds digit of 6832?
8
What is the hundreds digit of 2047?
0
What is the hundreds digit of 363?
3
What is the units digit of 110367?
7
What is the tens digit of 1387?
8
What is the tens digit of 2221?
2
What is the tens digit of 32920?
2
What is the tens digit of 1088?
8
What is the hundreds digit of 984?
9
What is the ten thousands digit of 24267?
2
What is the ten thousands digit of 12211?
1
What is the hundreds digit of 558?
5
What is the thousands digit of 2917?
2
What is the thousands digit of 10569?
0
What is the ten thousands digit of 18896?
1
What is the units digit of 33909?
9
What is the hundreds digit of 3748?
7
What is the tens digit of 589?
8
What is the hundreds digit of 3166?
1
What is the hundreds digi